 + 13*l + 10. Let f = -56 - -59. Suppose 4*g - 4*v = 2*g - 18, 0 = f*v + 3. Determine o(g).
-12
Let k(i) = -29*i**3 + 44*i**2 - 36*i - 135. Let v(a) = -13*a**3 + 22*a**2 - 18*a - 67. Let m(t) = -4*k(t) + 9*v(t). Determine m(21).
0
Let u = -4 + 3. Let f(l) = -8*l + 1. Let o(g) = -49*g + 7. Let p(c) = 6*f(c) - o(c). Let b(q) = -q**2 + 11*q - 8. Let d(a) = u*b(a) + 2*p(a). What is d(7)?
-8
Let k(c) = 6*c - 30. Let g = -5956 + 5959. What is k(g)?
-12
Let w(r) = -16*r - 1. Suppose 2*t - 34 = -2*j + 6*t, 0 = j - 4*t - 31. Determine w(j).
-49
Let j(y) = 5*y + 4 - 6*y - 5. Let p be j(-6). Let m(s) = -4*s - 2. Let l(k) = -3*k - 1. Let g(d) = p*m(d) - 7*l(d). Determine g(-6).
-9
Let h(s) = 24*s**3 - 38*s**2 - 59*s + 87. Let p(f) = -11*f**3 + 19*f**2 + 27*f - 44. Let q(l) = -6*h(l) - 13*p(l). What is q(-19)?
-7
Let d(m) = -m**3 + 3*m**2 + 5*m - 8. Let x = 7169 - 7165. Give d(x).
-4
Suppose 22 + 180 = 4*o + c, 242 = 5*o - 4*c. Let a(s) = -o*s + s**3 + 3 + 14*s + 17*s + 11*s - 5*s**2. Let g = -6 - -12. Calculate a(g).
-9
Let s(z) = -2*z**2 + 13*z + 19. Let r(g) = -g**3 + 38*g**2 + 76*g + 171. Let u be r(40). Calculate s(u).
-80
Let o be ((-605)/(-363))/((10/(-72))/(-1)). Let v(l) = -l**3 + 12*l**2 + 23. Calculate v(o).
23
Let v(j) = 2*j + 8. Let x(h) = 5*h + 16. Let p(q) = 7*v(q) - 3*x(q). Let d = 69 - -5. Let y = d - 66. What is p(y)?
0
Let h(u) = -5*u**2 - 2*u + 28. Let o(z) = -4*z**2 - 4*z + 25. Let f(c) = 5*h(c) - 6*o(c). Determine f(12).
14
Let k = -2 + 4. Let s(x) = k*x - 3 + x**3 + 3 + 5*x**2 + 5. Let o(z) = 27*z - 221. Let b be o(8). Calculate s(b).
-5
Let c(v) = -9 + 59*v - 63*v + 5. What is c(4)?
-20
Let f(a) be the first derivative of -2*a**3/3 + 28*a - 98. What is f(-4)?
-4
Let v(x) = 3*x**2 + 2*x - 2. Let p(i) = 3*i**3 + 10*i**2 + 6*i - 6. Let j be p(-2). What is v(j)?
6
Let z = -35 + 49. Let f = z - 10. Let d(j) = 5*j**3 + 15*j**2 + 8*j + 3. Let k(w) = 4*w**3 + 13*w**2 + 7*w + 3. Let s(a) = -5*d(a) + 6*k(a). Calculate s(f).
-5
Suppose -72*p + 68*p = -101 + 5. Let t(x) = 3*x**2 - 72*x + 6. Give t(p).
6
Let i(v) be the first derivative of -v**5/60 + 5*v**4/24 - 7*v**3/6 - 17*v**2/2 + v - 53. Let z(u) be the second derivative of i(u). Determine z(4).
-3
Let a(w) = -w**2 + 2*w + 4. Let y(r) = r. Let l(f) = a(f) - 2*y(f). Let s be 4/26 + (-25728)/(-78) + -5. Let u = -322 + s. Determine l(u).
-5
Let j = 108 - 108. Let i(g) = -4*g + 37*g**2 - 1 - 30*g**2 - 9*g**2 - g**3 + g + j*g. What is i(-2)?
5
Let x(h) be the second derivative of -h**3/3 + 6*h**2 - 923*h. Give x(-6).
24
Let l(x) = x**2 - 6*x + 1. Let p be (-1032)/(-57) + (-24)/228. Suppose -41 + 149 = p*z. Give l(z).
1
Let q(w) = -w. Let z(y) = -5*y - 21. Let k(u) = -3*q(u) + z(u). Let a(n) = -38*n**3 + 1744*n**2 + 184*n - 15. Let g be a(46). What is k(g)?
9
Let p(q) = -5*q**3 + q**2 + 4*q + 2. Suppose 0 = -3*j - 14*j + 7*j - 10. What is p(j)?
4
Let y(j) = 6*j**2. Let u(v) = v**2 - 5 + 2*v - 5 - 1. Let b be u(3). Suppose b*w + 2*o + 2 = 0, o = -4 + 5. Calculate y(w).
6
Suppose -386*b - 153 = -403*b. Let j(l) = l**3 - 8*l**2 - 13*l. Determine j(b).
-36
Let r(b) = -b**2 - 9*b - 9. Let l be (-18)/(-24) + (-106)/(-8). Suppose 0 = 13*g - 11*g + l. Determine r(g).
5
Suppose -4*f + 5*w = -18 - 6, 18 = 3*f + 4*w. Suppose -12 = -2*q - f. Let r(h) = -2*h**2 + q*h**2 - 1 + 4*h**3 - 2*h + 3*h. Determine r(1).
5
Suppose 3*v - 98 = -4*z, -110 = 3*v - 6*v - z. Let i(p) = -p + 32. Let n be i(v). Let x(s) = -1 + 4*s - 2*s**2 - 3*s**2 - s**3 - 4. What is x(n)?
7
Let q be -1 - 0 - (17 + -22). Suppose q = 9*v - 5*v. Let d(a) be the first derivative of -7*a**4/4 + a**2/2 - 9. Give d(v).
-6
Let k(j) = 11*j - 50. Let r be 44/8*2 + -6. What is k(r)?
5
Suppose 0 = 3*l - 35 - 7. Let h(d) = -l - 13 - d + 37 - 14. What is h(-12)?
8
Let c(i) be the third derivative of -i**6/60 + 7*i**5/20 + 17*i**4/24 - 4*i**3 + 4107*i**2. Give c(11).
42
Let f(q) = 4*q**3 - 2*q**2 - 2*q + 3. Let j be (0/18)/(-2 - 1). Let v be j/(-2) - (-9 + 7). Give f(v).
23
Let d(g) = -27*g + 652. Let c = -31561 - -31585. Determine d(c).
4
Let p(m) be the second derivative of -m**3/3 + 35*m**2/2 - m + 10. Let c be p(13). Let k(q) = q**3 - 9*q**2 + q - 10. Determine k(c).
-1
Let n(v) be the second derivative of v**3/2 - 13*v**2/2 + 13*v. Let r be n(12). Let o = r - 15. Let s(c) = c**2 - 8*c + 3. Calculate s(o).
3
Let w = 4 - 10. Suppose 0*v = -3*v, 2*v - 92 = -4*l. Let o(t) = 38 - l - 4*t - 7 + 5*t. Give o(w).
2
Let k(t) = -5*t**3 - t**2 + t - 3. Let o(f) = 23*f**3 + 2*f**2 + f + 20. Let n(c) = 5*k(c) + o(c). Give n(-3).
14
Let r(l) = 83*l + 253. Let u be r(-3). Let s(j) = j**2 - 5*j - 15. Calculate s(u).
-19
Suppose -5*d + 54 = 4*n, 388*d = 5*n + 383*d. Let w(m) = m**3 - 4*m**2 + 4*m + 18. What is w(n)?
114
Let p = -82 - -75. Let l be p*((-10)/40 - (-21)/(-12)). Let q(c) = c**2 - 13*c - 8. Calculate q(l).
6
Let y be -30*((-12)/(-9) - 24/36). Let z(c) = -c**3 - 19*c**2 + 23*c + 85. What is z(y)?
25
Let y(r) = -173*r + 492. Let i(t) = 80*t - 246. Let d(n) = 7*i(n) + 3*y(n). Calculate d(6).
0
Let x(j) = -j - 24. Let k = -76 + 99. Calculate x(k).
-47
Let h(v) = 9*v + 1. Let f = 47 + -51. Let q be f + 13 + -3 - 7. What is h(q)?
-8
Let j(r) = -1 - 5 - 3*r + 0 + 4*r + 3. Suppose 0 = -4*b - i + 24, 4*b - b + 4*i = 18. What is j(b)?
3
Let k be (-16)/(-2)*-58 + 27/9. Let j = 472 + k. Let t(l) = -3*l + 13. Determine t(j).
-20
Let h(s) be the third derivative of -s**6/40 + 7*s**5/30 - s**4/24 - 3*s**3/2 - 9*s**2 - 120*s. Give h(4).
19
Let l(g) be the first derivative of g**3/3 + 15*g**2 + 147*g - 244. Let k be l(-24). Let f(q) = -q - 7. Give f(k).
-10
Let v(b) = -9*b**3 + 12*b**2 + 9*b - 25. Let h(y) = 16*y**3 - 22*y**2 - 17*y + 43. Let f(t) = 4*h(t) + 7*v(t). Let q be (-5)/(-2)*(4 + -2). Determine f(q).
-3
Suppose -53 = -9*n - 8. Suppose -3*j = n*p + 13, -5*j + 5 = p + 2*p. Let l(q) = 2 - 3*q - 6 - j*q**2 - q**3 - 4 + 5. Give l(-3).
-3
Suppose 200 = -33*k - 18*k + 11*k. Let d(w) = 23*w**3 - 6*w**2 - 1 + 1 - 24*w**3 - 5*w. Calculate d(k).
0
Let x(i) = 2*i - i + 0*i. Let v(n) = -n**3 + 57*n**2 + 117*n + 58. Let l be v(59). Calculate x(l).
-1
Let z(b) = -7*b + 2 - 1 + 0 + 6 + 14. What is z(8)?
-35
Let b(g) = -2*g**2 + 3*g + 10. Let l(z) = -3*z**2 + 7*z + 20. Let y(c) = -c**2 + 4*c + 18. Let j be y(7). Let t(f) = j*l(f) + 5*b(f). Determine t(-7).
-17
Let p(z) = -11*z**3 - z**2 - z - 1. Suppose -20 = -5*c - 0. Suppose c*x = -4 + 12. Let l be (x + -1)*(-13 - -12). Determine p(l).
10
Let r = -8 - -8. Let t(p) = -6275 - p - 6425 + 12689. Determine t(r).
-11
Let f(m) = 2697 + 92*m - 2686 - 95*m. Give f(-8).
35
Let k be 15/(-3)*6/(-45)*6. Let x be k + 45/(-12) - 19/(-4). Suppose -4*q + x = 9. Let w(s) = 4*s**2 - 1. Give w(q).
3
Let b(t) = -1951*t**3 + 488*t**3 - 6 - 3*t**2 + 484*t**3 + 492*t**3 - 3*t + 488*t**3. Give b(5).
29
Let d be -1*(-2 - 0) + 1. Suppose -c - d*c - 13 = 3*t, 0 = -t + 3*c. Let z(j) = 782 + j**2 - 4*j - 4*j + 10*j - 1539 + 753 - j. Determine z(t).
2
Let t(w) = w**3 + 9*w**2 + 1. Let h be 1*(-15)/(-5) + (-10 - 2). What is t(h)?
1
Let w(h) = 13*h**3 - 23*h**2 + 18*h + 23. Let r(g) = 7*g**3 - 12*g**2 + 9*g + 13. Let z(c) = -11*r(c) + 6*w(c). What is z(5)?
15
Let y be -8*(-12)/(-16) + (-23 - 1). Let m be (-1 - y/27)*45. Let l(i) = i**2 - 4*i - 8. Give l(m).
-3
Let p(c) = -9*c**2 - 5*c + 5. Let w(g) = -25*g**2 - 15*g + 14. Let s(f) = -11*p(f) + 4*w(f). Let m(o) = o**3 - 2*o**2 - 2*o - 7. Let i be m(3). What is s(i)?
5
Let o(x) = -x - 8. Let u be o(-11). Let q(y) = 3*y - 4 - 2 + y**u + 6*y**2 + 13. Suppose -174*r + 175*r + 4*f + 10 = 0, 4*r + 4*f = -28. Determine q(r).
-11
Let v(t) = -27*t**2 + 158*t + 56. Let g be v(6). Let b(u) be the second derivative of 1/6*u**4 + 0 - 1/2*u**2 - 1/4*u**5 - g*u + 0*u**3. What is b(1)?
-4
Let l = -9202 - -9201. Let o(j) be the second derivative of 47*j**5/20 + j**4/6 - j**2/2 + j. What is o(l)?
-46
Let i be 0 + (-2 + -3 - -2). Suppose 16 = d + 7*d. Let g(u) = 3*u + 80*u**2 + 89*u**2 - 168*u**d. Calculate g(i).
0
Let v(c) = -c**3 - 4*c**2 + 5*c + 4. Suppose -11 = -n + 5*n + 3*k, 4*k = 2*n. Let q(m) = 2*m**3 + 5*m**2 + 9*m + 9. Let s be q(n). Determine v(s).
4
Suppose -128 = 7*v - 23*v. Let h(l) = -2*l - 1. Give h(v).
-17
Suppose -8*g - 55 = -3*g. Let u(b) = -4*b - 4*b**2 + 27 + 7*b - 26 + 3*b**2 - 14*b. Give u(g).
1
Let y(o